{"id":29771,"date":"2021-07-02T15:54:00","date_gmt":"2021-07-02T13:54:00","guid":{"rendered":"https:\/\/design.awards.verallia.fr\/?post_type=communique&#038;p=29771"},"modified":"2023-08-16T10:15:23","modified_gmt":"2023-08-16T08:15:23","slug":"the-12th-edition-on-the-theme-of-individual-size","status":"publish","type":"communique","link":"https:\/\/design.awards.verallia.fr\/en\/communique\/the-12th-edition-on-the-theme-of-individual-size\/","title":{"rendered":"The 12th edition on the theme of individual size"},"content":{"rendered":"\n<p>Verallia launches the 12th edition of the Verallia Design Awards on the theme of &#8220;<strong>Glass in solo format<\/strong>&#8221; with a special price &#8220;<strong>Offer him glass packaging<\/strong>&#8220;.<\/p>\n\n\n\n<p>As every year, students and young graduates in design \/ packaging are invited to imagine an innovative project of glass bottle.<\/p>\n\n\n\n<p>Laura Cambon, designer for custom-made glass product for interior decoration, does the honor of being the godmother of this edition. A godmother specializing in the field of glass creation and who is particularly keen to reflect a unique work, shaped by hand.<\/p>\n","protected":false},"excerpt":{"rendered":"<p>Verallia launches the 12th edition of the Verallia Design Awards on the theme of &#8220;Glass in solo format&#8221; with a special price &#8220;Offer him glass packaging&#8220;. As every year, students and young graduates in design \/ packaging are invited to imagine an innovative project of glass bottle. Laura Cambon, designer for custom-made glass product for [&hellip;]<\/p>\n","protected":false},"featured_media":23688,"template":"","categories":[194],"class_list":["post-29771","communique","type-communique","status-publish","has-post-thumbnail","hentry","category-featured"],"acf":[],"yoast_head":"<!-- This site is optimized with the Yoast SEO plugin v27.3 - https:\/\/yoast.com\/product\/yoast-seo-wordpress\/ -->\n<title>The 12th edition on the theme of individual size - Verallia Design Awards<\/title>\n<meta name=\"robots\" content=\"index, follow, max-snippet:-1, max-image-preview:large, max-video-preview:-1\" \/>\n<link rel=\"canonical\" href=\"https:\/\/design.awards.verallia.fr\/en\/communique\/the-12th-edition-on-the-theme-of-individual-size\/\" \/>\n<meta property=\"og:locale\" content=\"en_US\" \/>\n<meta property=\"og:type\" content=\"article\" \/>\n<meta property=\"og:title\" content=\"The 12th edition on the theme of individual size - Verallia Design Awards\" \/>\n<meta property=\"og:description\" content=\"Verallia launches the 12th edition of the Verallia Design Awards on the theme of &#8220;Glass in solo format&#8221; with a special price &#8220;Offer him glass packaging&#8220;. As every year, students and young graduates in design \/ packaging are invited to imagine an innovative project of glass bottle. Laura Cambon, designer for custom-made glass product for [&hellip;]\" \/>\n<meta property=\"og:url\" content=\"https:\/\/design.awards.verallia.fr\/en\/communique\/the-12th-edition-on-the-theme-of-individual-size\/\" \/>\n<meta property=\"og:site_name\" content=\"Verallia Design Awards\" \/>\n<meta property=\"article:modified_time\" content=\"2023-08-16T08:15:23+00:00\" \/>\n<meta property=\"og:image\" content=\"https:\/\/design.awards.verallia.fr\/wp-content\/uploads\/2021\/07\/Prix-tropheeDesign2021.png\" \/>\n\t<meta property=\"og:image:width\" content=\"1010\" \/>\n\t<meta property=\"og:image:height\" content=\"490\" \/>\n\t<meta property=\"og:image:type\" content=\"image\/png\" \/>\n<meta name=\"twitter:card\" content=\"summary_large_image\" \/>\n<meta name=\"twitter:label1\" content=\"Est. reading time\" \/>\n\t<meta name=\"twitter:data1\" content=\"1 minute\" \/>\n<script type=\"application\/ld+json\" class=\"yoast-schema-graph\">{\"@context\":\"https:\\\/\\\/schema.org\",\"@graph\":[{\"@type\":\"WebPage\",\"@id\":\"https:\\\/\\\/design.awards.verallia.fr\\\/en\\\/communique\\\/the-12th-edition-on-the-theme-of-individual-size\\\/\",\"url\":\"https:\\\/\\\/design.awards.verallia.fr\\\/en\\\/communique\\\/the-12th-edition-on-the-theme-of-individual-size\\\/\",\"name\":\"The 12th edition on the theme of individual size - Verallia Design Awards\",\"isPartOf\":{\"@id\":\"https:\\\/\\\/design.awards.verallia.fr\\\/en\\\/#website\"},\"primaryImageOfPage\":{\"@id\":\"https:\\\/\\\/design.awards.verallia.fr\\\/en\\\/communique\\\/the-12th-edition-on-the-theme-of-individual-size\\\/#primaryimage\"},\"image\":{\"@id\":\"https:\\\/\\\/design.awards.verallia.fr\\\/en\\\/communique\\\/the-12th-edition-on-the-theme-of-individual-size\\\/#primaryimage\"},\"thumbnailUrl\":\"https:\\\/\\\/design.awards.verallia.fr\\\/wp-content\\\/uploads\\\/2021\\\/07\\\/Prix-tropheeDesign2021.png\",\"datePublished\":\"2021-07-02T13:54:00+00:00\",\"dateModified\":\"2023-08-16T08:15:23+00:00\",\"breadcrumb\":{\"@id\":\"https:\\\/\\\/design.awards.verallia.fr\\\/en\\\/communique\\\/the-12th-edition-on-the-theme-of-individual-size\\\/#breadcrumb\"},\"inLanguage\":\"en-US\",\"potentialAction\":[{\"@type\":\"ReadAction\",\"target\":[\"https:\\\/\\\/design.awards.verallia.fr\\\/en\\\/communique\\\/the-12th-edition-on-the-theme-of-individual-size\\\/\"]}]},{\"@type\":\"ImageObject\",\"inLanguage\":\"en-US\",\"@id\":\"https:\\\/\\\/design.awards.verallia.fr\\\/en\\\/communique\\\/the-12th-edition-on-the-theme-of-individual-size\\\/#primaryimage\",\"url\":\"https:\\\/\\\/design.awards.verallia.fr\\\/wp-content\\\/uploads\\\/2021\\\/07\\\/Prix-tropheeDesign2021.png\",\"contentUrl\":\"https:\\\/\\\/design.awards.verallia.fr\\\/wp-content\\\/uploads\\\/2021\\\/07\\\/Prix-tropheeDesign2021.png\",\"width\":1010,\"height\":490,\"caption\":\"Photos des laur\u00e9ats prim\u00e9s \u00e0 la 12\u00e8me \u00e9dition\"},{\"@type\":\"BreadcrumbList\",\"@id\":\"https:\\\/\\\/design.awards.verallia.fr\\\/en\\\/communique\\\/the-12th-edition-on-the-theme-of-individual-size\\\/#breadcrumb\",\"itemListElement\":[{\"@type\":\"ListItem\",\"position\":1,\"name\":\"Accueil\",\"item\":\"https:\\\/\\\/design.awards.verallia.fr\\\/en\\\/\"},{\"@type\":\"ListItem\",\"position\":2,\"name\":\"The 12th edition on the theme of individual size\"}]},{\"@type\":\"WebSite\",\"@id\":\"https:\\\/\\\/design.awards.verallia.fr\\\/en\\\/#website\",\"url\":\"https:\\\/\\\/design.awards.verallia.fr\\\/en\\\/\",\"name\":\"Verallia Design Awards\",\"description\":\"Verallia Design Award, le concours de design du packaging en verre\",\"publisher\":{\"@id\":\"https:\\\/\\\/design.awards.verallia.fr\\\/en\\\/#organization\"},\"potentialAction\":[{\"@type\":\"SearchAction\",\"target\":{\"@type\":\"EntryPoint\",\"urlTemplate\":\"https:\\\/\\\/design.awards.verallia.fr\\\/en\\\/?s={search_term_string}\"},\"query-input\":{\"@type\":\"PropertyValueSpecification\",\"valueRequired\":true,\"valueName\":\"search_term_string\"}}],\"inLanguage\":\"en-US\"},{\"@type\":\"Organization\",\"@id\":\"https:\\\/\\\/design.awards.verallia.fr\\\/en\\\/#organization\",\"name\":\"Verallia Design Awards\",\"url\":\"https:\\\/\\\/design.awards.verallia.fr\\\/en\\\/\",\"logo\":{\"@type\":\"ImageObject\",\"inLanguage\":\"en-US\",\"@id\":\"https:\\\/\\\/design.awards.verallia.fr\\\/en\\\/#\\\/schema\\\/logo\\\/image\\\/\",\"url\":\"https:\\\/\\\/design.awards.verallia.fr\\\/wp-content\\\/uploads\\\/2023\\\/05\\\/logo-small.png\",\"contentUrl\":\"https:\\\/\\\/design.awards.verallia.fr\\\/wp-content\\\/uploads\\\/2023\\\/05\\\/logo-small.png\",\"width\":198,\"height\":117,\"caption\":\"Verallia Design Awards\"},\"image\":{\"@id\":\"https:\\\/\\\/design.awards.verallia.fr\\\/en\\\/#\\\/schema\\\/logo\\\/image\\\/\"}}]}<\/script>\n<!-- \/ Yoast SEO plugin. -->","yoast_head_json":{"title":"The 12th edition on the theme of individual size - Verallia Design Awards","robots":{"index":"index","follow":"follow","max-snippet":"max-snippet:-1","max-image-preview":"max-image-preview:large","max-video-preview":"max-video-preview:-1"},"canonical":"https:\/\/design.awards.verallia.fr\/en\/communique\/the-12th-edition-on-the-theme-of-individual-size\/","og_locale":"en_US","og_type":"article","og_title":"The 12th edition on the theme of individual size - Verallia Design Awards","og_description":"Verallia launches the 12th edition of the Verallia Design Awards on the theme of &#8220;Glass in solo format&#8221; with a special price &#8220;Offer him glass packaging&#8220;. As every year, students and young graduates in design \/ packaging are invited to imagine an innovative project of glass bottle. Laura Cambon, designer for custom-made glass product for [&hellip;]","og_url":"https:\/\/design.awards.verallia.fr\/en\/communique\/the-12th-edition-on-the-theme-of-individual-size\/","og_site_name":"Verallia Design Awards","article_modified_time":"2023-08-16T08:15:23+00:00","og_image":[{"width":1010,"height":490,"url":"https:\/\/design.awards.verallia.fr\/wp-content\/uploads\/2021\/07\/Prix-tropheeDesign2021.png","type":"image\/png"}],"twitter_card":"summary_large_image","twitter_misc":{"Est. reading time":"1 minute"},"schema":{"@context":"https:\/\/schema.org","@graph":[{"@type":"WebPage","@id":"https:\/\/design.awards.verallia.fr\/en\/communique\/the-12th-edition-on-the-theme-of-individual-size\/","url":"https:\/\/design.awards.verallia.fr\/en\/communique\/the-12th-edition-on-the-theme-of-individual-size\/","name":"The 12th edition on the theme of individual size - Verallia Design Awards","isPartOf":{"@id":"https:\/\/design.awards.verallia.fr\/en\/#website"},"primaryImageOfPage":{"@id":"https:\/\/design.awards.verallia.fr\/en\/communique\/the-12th-edition-on-the-theme-of-individual-size\/#primaryimage"},"image":{"@id":"https:\/\/design.awards.verallia.fr\/en\/communique\/the-12th-edition-on-the-theme-of-individual-size\/#primaryimage"},"thumbnailUrl":"https:\/\/design.awards.verallia.fr\/wp-content\/uploads\/2021\/07\/Prix-tropheeDesign2021.png","datePublished":"2021-07-02T13:54:00+00:00","dateModified":"2023-08-16T08:15:23+00:00","breadcrumb":{"@id":"https:\/\/design.awards.verallia.fr\/en\/communique\/the-12th-edition-on-the-theme-of-individual-size\/#breadcrumb"},"inLanguage":"en-US","potentialAction":[{"@type":"ReadAction","target":["https:\/\/design.awards.verallia.fr\/en\/communique\/the-12th-edition-on-the-theme-of-individual-size\/"]}]},{"@type":"ImageObject","inLanguage":"en-US","@id":"https:\/\/design.awards.verallia.fr\/en\/communique\/the-12th-edition-on-the-theme-of-individual-size\/#primaryimage","url":"https:\/\/design.awards.verallia.fr\/wp-content\/uploads\/2021\/07\/Prix-tropheeDesign2021.png","contentUrl":"https:\/\/design.awards.verallia.fr\/wp-content\/uploads\/2021\/07\/Prix-tropheeDesign2021.png","width":1010,"height":490,"caption":"Photos des laur\u00e9ats prim\u00e9s \u00e0 la 12\u00e8me \u00e9dition"},{"@type":"BreadcrumbList","@id":"https:\/\/design.awards.verallia.fr\/en\/communique\/the-12th-edition-on-the-theme-of-individual-size\/#breadcrumb","itemListElement":[{"@type":"ListItem","position":1,"name":"Accueil","item":"https:\/\/design.awards.verallia.fr\/en\/"},{"@type":"ListItem","position":2,"name":"The 12th edition on the theme of individual size"}]},{"@type":"WebSite","@id":"https:\/\/design.awards.verallia.fr\/en\/#website","url":"https:\/\/design.awards.verallia.fr\/en\/","name":"Verallia Design Awards","description":"Verallia Design Award, le concours de design du packaging en verre","publisher":{"@id":"https:\/\/design.awards.verallia.fr\/en\/#organization"},"potentialAction":[{"@type":"SearchAction","target":{"@type":"EntryPoint","urlTemplate":"https:\/\/design.awards.verallia.fr\/en\/?s={search_term_string}"},"query-input":{"@type":"PropertyValueSpecification","valueRequired":true,"valueName":"search_term_string"}}],"inLanguage":"en-US"},{"@type":"Organization","@id":"https:\/\/design.awards.verallia.fr\/en\/#organization","name":"Verallia Design Awards","url":"https:\/\/design.awards.verallia.fr\/en\/","logo":{"@type":"ImageObject","inLanguage":"en-US","@id":"https:\/\/design.awards.verallia.fr\/en\/#\/schema\/logo\/image\/","url":"https:\/\/design.awards.verallia.fr\/wp-content\/uploads\/2023\/05\/logo-small.png","contentUrl":"https:\/\/design.awards.verallia.fr\/wp-content\/uploads\/2023\/05\/logo-small.png","width":198,"height":117,"caption":"Verallia Design Awards"},"image":{"@id":"https:\/\/design.awards.verallia.fr\/en\/#\/schema\/logo\/image\/"}}]}},"_links":{"self":[{"href":"https:\/\/design.awards.verallia.fr\/en\/wp-json\/wp\/v2\/communique\/29771","targetHints":{"allow":["GET"]}}],"collection":[{"href":"https:\/\/design.awards.verallia.fr\/en\/wp-json\/wp\/v2\/communique"}],"about":[{"href":"https:\/\/design.awards.verallia.fr\/en\/wp-json\/wp\/v2\/types\/communique"}],"wp:featuredmedia":[{"embeddable":true,"href":"https:\/\/design.awards.verallia.fr\/en\/wp-json\/wp\/v2\/media\/23688"}],"wp:attachment":[{"href":"https:\/\/design.awards.verallia.fr\/en\/wp-json\/wp\/v2\/media?parent=29771"}],"wp:term":[{"taxonomy":"category","embeddable":true,"href":"https:\/\/design.awards.verallia.fr\/en\/wp-json\/wp\/v2\/categories?post=29771"}],"curies":[{"name":"wp","href":"https:\/\/api.w.org\/{rel}","templated":true}]}}

<!-- This site is optimized with the Yoast SEO plugin v27.3 - https://yoast.com/product/yoast-seo-wordpress/ -->
<title>The 12th edition on the theme of individual size - Verallia Design Awards</title>
<meta name="robots" content="index, follow, max-snippet:-1, max-image-preview:large, max-video-preview:-1" />
<link rel="canonical" href="https://design.awards.verallia.fr/en/communique/the-12th-edition-on-the-theme-of-individual-size/" />
<meta property="og:locale" content="en_US" />
<meta property="og:type" content="article" />
<meta property="og:title" content="The 12th edition on the theme of individual size - Verallia Design Awards" />
<meta property="og:description" content="Verallia launches the 12th edition of the Verallia Design Awards on the theme of &#8220;Glass in solo format&#8221; with a special price &#8220;Offer him glass packaging&#8220;. As every year, students and young graduates in design / packaging are invited to imagine an innovative project of glass bottle. Laura Cambon, designer for custom-made glass product for [&hellip;]" />
<meta property="og:url" content="https://design.awards.verallia.fr/en/communique/the-12th-edition-on-the-theme-of-individual-size/" />
<meta property="og:site_name" content="Verallia Design Awards" />
<meta property="article:modified_time" content="2023-08-16T08:15:23+00:00" />
<meta property="og:image" content="https://design.awards.verallia.fr/wp-content/uploads/2021/07/Prix-tropheeDesign2021.png" />
	<meta property="og:image:width" content="1010" />
	<meta property="og:image:height" content="490" />
	<meta property="og:image:type" content="image/png" />
<meta name="twitter:card" content="summary_large_image" />
<meta name="twitter:label1" content="Est. reading time" />
	<meta name="twitter:data1" content="1 minute" />
<script type="application/ld+json" class="yoast-schema-graph">{"@context":"https:\/\/schema.org","@graph":[{"@type":"WebPage","@id":"https:\/\/design.awards.verallia.fr\/en\/communique\/the-12th-edition-on-the-theme-of-individual-size\/","url":"https:\/\/design.awards.verallia.fr\/en\/communique\/the-12th-edition-on-the-theme-of-individual-size\/","name":"The 12th edition on the theme of individual size - Verallia Design Awards","isPartOf":{"@id":"https:\/\/design.awards.verallia.fr\/en\/#website"},"primaryImageOfPage":{"@id":"https:\/\/design.awards.verallia.fr\/en\/communique\/the-12th-edition-on-the-theme-of-individual-size\/#primaryimage"},"image":{"@id":"https:\/\/design.awards.verallia.fr\/en\/communique\/the-12th-edition-on-the-theme-of-individual-size\/#primaryimage"},"thumbnailUrl":"https:\/\/design.awards.verallia.fr\/wp-content\/uploads\/2021\/07\/Prix-tropheeDesign2021.png","datePublished":"2021-07-02T13:54:00+00:00","dateModified":"2023-08-16T08:15:23+00:00","breadcrumb":{"@id":"https:\/\/design.awards.verallia.fr\/en\/communique\/the-12th-edition-on-the-theme-of-individual-size\/#breadcrumb"},"inLanguage":"en-US","potentialAction":[{"@type":"ReadAction","target":["https:\/\/design.awards.verallia.fr\/en\/communique\/the-12th-edition-on-the-theme-of-individual-size\/"]}]},{"@type":"ImageObject","inLanguage":"en-US","@id":"https:\/\/design.awards.verallia.fr\/en\/communique\/the-12th-edition-on-the-theme-of-individual-size\/#primaryimage","url":"https:\/\/design.awards.verallia.fr\/wp-content\/uploads\/2021\/07\/Prix-tropheeDesign2021.png","contentUrl":"https:\/\/design.awards.verallia.fr\/wp-content\/uploads\/2021\/07\/Prix-tropheeDesign2021.png","width":1010,"height":490,"caption":"Photos des lauréats primés à la 12ème édition"},{"@type":"BreadcrumbList","@id":"https:\/\/design.awards.verallia.fr\/en\/communique\/the-12th-edition-on-the-theme-of-individual-size\/#breadcrumb","itemListElement":[{"@type":"ListItem","position":1,"name":"Accueil","item":"https:\/\/design.awards.verallia.fr\/en\/"},{"@type":"ListItem","position":2,"name":"The 12th edition on the theme of individual size"}]},{"@type":"WebSite","@id":"https:\/\/design.awards.verallia.fr\/en\/#website","url":"https:\/\/design.awards.verallia.fr\/en\/","name":"Verallia Design Awards","description":"Verallia Design Award, le concours de design du packaging en verre","publisher":{"@id":"https:\/\/design.awards.verallia.fr\/en\/#organization"},"potentialAction":[{"@type":"SearchAction","target":{"@type":"EntryPoint","urlTemplate":"https:\/\/design.awards.verallia.fr\/en\/?s={search_term_string}"},"query-input":{"@type":"PropertyValueSpecification","valueRequired":true,"valueName":"search_term_string"}}],"inLanguage":"en-US"},{"@type":"Organization","@id":"https:\/\/design.awards.verallia.fr\/en\/#organization","name":"Verallia Design Awards","url":"https:\/\/design.awards.verallia.fr\/en\/","logo":{"@type":"ImageObject","inLanguage":"en-US","@id":"https:\/\/design.awards.verallia.fr\/en\/#\/schema\/logo\/image\/","url":"https:\/\/design.awards.verallia.fr\/wp-content\/uploads\/2023\/05\/logo-small.png","contentUrl":"https:\/\/design.awards.verallia.fr\/wp-content\/uploads\/2023\/05\/logo-small.png","width":198,"height":117,"caption":"Verallia Design Awards"},"image":{"@id":"https:\/\/design.awards.verallia.fr\/en\/#\/schema\/logo\/image\/"}}]}</script>
<!-- / Yoast SEO plugin. -->

Photos des lauréats primés à la 12ème édition
