{"id":22228,"date":"2022-03-21T15:12:00","date_gmt":"2022-03-21T14:12:00","guid":{"rendered":"https:\/\/design.awards.verallia.fr\/fr\/?post_type=communique&#038;p=22228"},"modified":"2023-06-02T17:21:04","modified_gmt":"2023-06-02T15:21:04","slug":"verallia-design-awards-veritable-tremplin-professionnel","status":"publish","type":"communique","link":"https:\/\/design.awards.verallia.fr\/fr\/communique\/verallia-design-awards-veritable-tremplin-professionnel\/","title":{"rendered":"Verallia Design Awards, v\u00e9ritable tremplin professionnel"},"content":{"rendered":"\n<p class=\"has-small-font-size\"><strong>Il y a quelques mois, Verallia \u00e9tait fier de lancer la production de la bouteille \u201cFl\u00fbte Gothic\u201d \u2013 un mod\u00e8le Selective Line issu du concours des Verallia Design Awards, dans son usine \u00e0 Albi.<\/strong><\/p>\n\n\n\n<p class=\"has-small-font-size\">Interview de Marie-Astrid Goss\u00e9, directrice marketing de Verallia France, qui revient sur les cl\u00e9s d\u2019un succ\u00e8s ; de Maxence de Cock et Clara Chanteloup, laur\u00e9ats 2018 et cr\u00e9ateurs de cette bouteille qui partagent ce que leur a apport\u00e9 cette exp\u00e9rience.<\/p>\n\n\n\n<p><a href=\"https:\/\/www.agencehemispheresud.fr\/podcasts\/\">Ecoutez le podcast<\/a><\/p>\n","protected":false},"excerpt":{"rendered":"<p>Il y a quelques mois, Verallia \u00e9tait fier de lancer la production de la bouteille \u201cFl\u00fbte Gothic\u201d \u2013 un mod\u00e8le Selective Line issu du concours des Verallia Design Awards, dans son usine \u00e0 Albi. Interview de Marie-Astrid Goss\u00e9, directrice marketing de Verallia France, qui revient sur les cl\u00e9s d\u2019un succ\u00e8s ; de Maxence de Cock [&hellip;]<\/p>\n","protected":false},"featured_media":23685,"template":"","categories":[],"class_list":["post-22228","communique","type-communique","status-publish","has-post-thumbnail","hentry"],"acf":[],"yoast_head":"<!-- This site is optimized with the Yoast SEO plugin v27.3 - https:\/\/yoast.com\/product\/yoast-seo-wordpress\/ -->\n<title>Verallia Design Awards, v\u00e9ritable tremplin professionnel - Verallia Design Awards<\/title>\n<meta name=\"robots\" content=\"index, follow, max-snippet:-1, max-image-preview:large, max-video-preview:-1\" \/>\n<link rel=\"canonical\" href=\"https:\/\/design.awards.verallia.fr\/fr\/communique\/verallia-design-awards-veritable-tremplin-professionnel\/\" \/>\n<meta property=\"og:locale\" content=\"fr_FR\" \/>\n<meta property=\"og:type\" content=\"article\" \/>\n<meta property=\"og:title\" content=\"Verallia Design Awards, v\u00e9ritable tremplin professionnel - Verallia Design Awards\" \/>\n<meta property=\"og:description\" content=\"Il y a quelques mois, Verallia \u00e9tait fier de lancer la production de la bouteille \u201cFl\u00fbte Gothic\u201d \u2013 un mod\u00e8le Selective Line issu du concours des Verallia Design Awards, dans son usine \u00e0 Albi. Interview de Marie-Astrid Goss\u00e9, directrice marketing de Verallia France, qui revient sur les cl\u00e9s d\u2019un succ\u00e8s ; de Maxence de Cock [&hellip;]\" \/>\n<meta property=\"og:url\" content=\"https:\/\/design.awards.verallia.fr\/fr\/communique\/verallia-design-awards-veritable-tremplin-professionnel\/\" \/>\n<meta property=\"og:site_name\" content=\"Verallia Design Awards\" \/>\n<meta property=\"article:modified_time\" content=\"2023-06-02T15:21:04+00:00\" \/>\n<meta property=\"og:image\" content=\"https:\/\/design.awards.verallia.fr\/wp-content\/uploads\/2022\/03\/TremplinCarriereLaureatDesign.png\" \/>\n\t<meta property=\"og:image:width\" content=\"1010\" \/>\n\t<meta property=\"og:image:height\" content=\"490\" \/>\n\t<meta property=\"og:image:type\" content=\"image\/png\" \/>\n<meta name=\"twitter:card\" content=\"summary_large_image\" \/>\n<script type=\"application\/ld+json\" class=\"yoast-schema-graph\">{\"@context\":\"https:\\\/\\\/schema.org\",\"@graph\":[{\"@type\":\"WebPage\",\"@id\":\"https:\\\/\\\/design.awards.verallia.fr\\\/fr\\\/communique\\\/verallia-design-awards-veritable-tremplin-professionnel\\\/\",\"url\":\"https:\\\/\\\/design.awards.verallia.fr\\\/fr\\\/communique\\\/verallia-design-awards-veritable-tremplin-professionnel\\\/\",\"name\":\"Verallia Design Awards, v\u00e9ritable tremplin professionnel - Verallia Design Awards\",\"isPartOf\":{\"@id\":\"https:\\\/\\\/design.awards.verallia.fr\\\/fr\\\/#website\"},\"primaryImageOfPage\":{\"@id\":\"https:\\\/\\\/design.awards.verallia.fr\\\/fr\\\/communique\\\/verallia-design-awards-veritable-tremplin-professionnel\\\/#primaryimage\"},\"image\":{\"@id\":\"https:\\\/\\\/design.awards.verallia.fr\\\/fr\\\/communique\\\/verallia-design-awards-veritable-tremplin-professionnel\\\/#primaryimage\"},\"thumbnailUrl\":\"https:\\\/\\\/design.awards.verallia.fr\\\/wp-content\\\/uploads\\\/2022\\\/03\\\/TremplinCarriereLaureatDesign.png\",\"datePublished\":\"2022-03-21T14:12:00+00:00\",\"dateModified\":\"2023-06-02T15:21:04+00:00\",\"breadcrumb\":{\"@id\":\"https:\\\/\\\/design.awards.verallia.fr\\\/fr\\\/communique\\\/verallia-design-awards-veritable-tremplin-professionnel\\\/#breadcrumb\"},\"inLanguage\":\"fr-FR\",\"potentialAction\":[{\"@type\":\"ReadAction\",\"target\":[\"https:\\\/\\\/design.awards.verallia.fr\\\/fr\\\/communique\\\/verallia-design-awards-veritable-tremplin-professionnel\\\/\"]}]},{\"@type\":\"ImageObject\",\"inLanguage\":\"fr-FR\",\"@id\":\"https:\\\/\\\/design.awards.verallia.fr\\\/fr\\\/communique\\\/verallia-design-awards-veritable-tremplin-professionnel\\\/#primaryimage\",\"url\":\"https:\\\/\\\/design.awards.verallia.fr\\\/wp-content\\\/uploads\\\/2022\\\/03\\\/TremplinCarriereLaureatDesign.png\",\"contentUrl\":\"https:\\\/\\\/design.awards.verallia.fr\\\/wp-content\\\/uploads\\\/2022\\\/03\\\/TremplinCarriereLaureatDesign.png\",\"width\":1010,\"height\":490,\"caption\":\"Laur\u00e9ats et succ\u00e8s commercial pour nos designers\"},{\"@type\":\"BreadcrumbList\",\"@id\":\"https:\\\/\\\/design.awards.verallia.fr\\\/fr\\\/communique\\\/verallia-design-awards-veritable-tremplin-professionnel\\\/#breadcrumb\",\"itemListElement\":[{\"@type\":\"ListItem\",\"position\":1,\"name\":\"Accueil\",\"item\":\"https:\\\/\\\/design.awards.verallia.fr\\\/fr\\\/\"},{\"@type\":\"ListItem\",\"position\":2,\"name\":\"Verallia Design Awards, v\u00e9ritable tremplin professionnel\"}]},{\"@type\":\"WebSite\",\"@id\":\"https:\\\/\\\/design.awards.verallia.fr\\\/fr\\\/#website\",\"url\":\"https:\\\/\\\/design.awards.verallia.fr\\\/fr\\\/\",\"name\":\"Verallia Design Awards\",\"description\":\"Verallia Design Award, le concours de design du packaging en verre\",\"publisher\":{\"@id\":\"https:\\\/\\\/design.awards.verallia.fr\\\/fr\\\/#organization\"},\"potentialAction\":[{\"@type\":\"SearchAction\",\"target\":{\"@type\":\"EntryPoint\",\"urlTemplate\":\"https:\\\/\\\/design.awards.verallia.fr\\\/fr\\\/?s={search_term_string}\"},\"query-input\":{\"@type\":\"PropertyValueSpecification\",\"valueRequired\":true,\"valueName\":\"search_term_string\"}}],\"inLanguage\":\"fr-FR\"},{\"@type\":\"Organization\",\"@id\":\"https:\\\/\\\/design.awards.verallia.fr\\\/fr\\\/#organization\",\"name\":\"Verallia Design Awards\",\"url\":\"https:\\\/\\\/design.awards.verallia.fr\\\/fr\\\/\",\"logo\":{\"@type\":\"ImageObject\",\"inLanguage\":\"fr-FR\",\"@id\":\"https:\\\/\\\/design.awards.verallia.fr\\\/fr\\\/#\\\/schema\\\/logo\\\/image\\\/\",\"url\":\"https:\\\/\\\/design.awards.verallia.fr\\\/wp-content\\\/uploads\\\/2023\\\/05\\\/logo-small.png\",\"contentUrl\":\"https:\\\/\\\/design.awards.verallia.fr\\\/wp-content\\\/uploads\\\/2023\\\/05\\\/logo-small.png\",\"width\":198,\"height\":117,\"caption\":\"Verallia Design Awards\"},\"image\":{\"@id\":\"https:\\\/\\\/design.awards.verallia.fr\\\/fr\\\/#\\\/schema\\\/logo\\\/image\\\/\"}}]}<\/script>\n<!-- \/ Yoast SEO plugin. -->","yoast_head_json":{"title":"Verallia Design Awards, v\u00e9ritable tremplin professionnel - Verallia Design Awards","robots":{"index":"index","follow":"follow","max-snippet":"max-snippet:-1","max-image-preview":"max-image-preview:large","max-video-preview":"max-video-preview:-1"},"canonical":"https:\/\/design.awards.verallia.fr\/fr\/communique\/verallia-design-awards-veritable-tremplin-professionnel\/","og_locale":"fr_FR","og_type":"article","og_title":"Verallia Design Awards, v\u00e9ritable tremplin professionnel - Verallia Design Awards","og_description":"Il y a quelques mois, Verallia \u00e9tait fier de lancer la production de la bouteille \u201cFl\u00fbte Gothic\u201d \u2013 un mod\u00e8le Selective Line issu du concours des Verallia Design Awards, dans son usine \u00e0 Albi. Interview de Marie-Astrid Goss\u00e9, directrice marketing de Verallia France, qui revient sur les cl\u00e9s d\u2019un succ\u00e8s ; de Maxence de Cock [&hellip;]","og_url":"https:\/\/design.awards.verallia.fr\/fr\/communique\/verallia-design-awards-veritable-tremplin-professionnel\/","og_site_name":"Verallia Design Awards","article_modified_time":"2023-06-02T15:21:04+00:00","og_image":[{"width":1010,"height":490,"url":"https:\/\/design.awards.verallia.fr\/wp-content\/uploads\/2022\/03\/TremplinCarriereLaureatDesign.png","type":"image\/png"}],"twitter_card":"summary_large_image","schema":{"@context":"https:\/\/schema.org","@graph":[{"@type":"WebPage","@id":"https:\/\/design.awards.verallia.fr\/fr\/communique\/verallia-design-awards-veritable-tremplin-professionnel\/","url":"https:\/\/design.awards.verallia.fr\/fr\/communique\/verallia-design-awards-veritable-tremplin-professionnel\/","name":"Verallia Design Awards, v\u00e9ritable tremplin professionnel - Verallia Design Awards","isPartOf":{"@id":"https:\/\/design.awards.verallia.fr\/fr\/#website"},"primaryImageOfPage":{"@id":"https:\/\/design.awards.verallia.fr\/fr\/communique\/verallia-design-awards-veritable-tremplin-professionnel\/#primaryimage"},"image":{"@id":"https:\/\/design.awards.verallia.fr\/fr\/communique\/verallia-design-awards-veritable-tremplin-professionnel\/#primaryimage"},"thumbnailUrl":"https:\/\/design.awards.verallia.fr\/wp-content\/uploads\/2022\/03\/TremplinCarriereLaureatDesign.png","datePublished":"2022-03-21T14:12:00+00:00","dateModified":"2023-06-02T15:21:04+00:00","breadcrumb":{"@id":"https:\/\/design.awards.verallia.fr\/fr\/communique\/verallia-design-awards-veritable-tremplin-professionnel\/#breadcrumb"},"inLanguage":"fr-FR","potentialAction":[{"@type":"ReadAction","target":["https:\/\/design.awards.verallia.fr\/fr\/communique\/verallia-design-awards-veritable-tremplin-professionnel\/"]}]},{"@type":"ImageObject","inLanguage":"fr-FR","@id":"https:\/\/design.awards.verallia.fr\/fr\/communique\/verallia-design-awards-veritable-tremplin-professionnel\/#primaryimage","url":"https:\/\/design.awards.verallia.fr\/wp-content\/uploads\/2022\/03\/TremplinCarriereLaureatDesign.png","contentUrl":"https:\/\/design.awards.verallia.fr\/wp-content\/uploads\/2022\/03\/TremplinCarriereLaureatDesign.png","width":1010,"height":490,"caption":"Laur\u00e9ats et succ\u00e8s commercial pour nos designers"},{"@type":"BreadcrumbList","@id":"https:\/\/design.awards.verallia.fr\/fr\/communique\/verallia-design-awards-veritable-tremplin-professionnel\/#breadcrumb","itemListElement":[{"@type":"ListItem","position":1,"name":"Accueil","item":"https:\/\/design.awards.verallia.fr\/fr\/"},{"@type":"ListItem","position":2,"name":"Verallia Design Awards, v\u00e9ritable tremplin professionnel"}]},{"@type":"WebSite","@id":"https:\/\/design.awards.verallia.fr\/fr\/#website","url":"https:\/\/design.awards.verallia.fr\/fr\/","name":"Verallia Design Awards","description":"Verallia Design Award, le concours de design du packaging en verre","publisher":{"@id":"https:\/\/design.awards.verallia.fr\/fr\/#organization"},"potentialAction":[{"@type":"SearchAction","target":{"@type":"EntryPoint","urlTemplate":"https:\/\/design.awards.verallia.fr\/fr\/?s={search_term_string}"},"query-input":{"@type":"PropertyValueSpecification","valueRequired":true,"valueName":"search_term_string"}}],"inLanguage":"fr-FR"},{"@type":"Organization","@id":"https:\/\/design.awards.verallia.fr\/fr\/#organization","name":"Verallia Design Awards","url":"https:\/\/design.awards.verallia.fr\/fr\/","logo":{"@type":"ImageObject","inLanguage":"fr-FR","@id":"https:\/\/design.awards.verallia.fr\/fr\/#\/schema\/logo\/image\/","url":"https:\/\/design.awards.verallia.fr\/wp-content\/uploads\/2023\/05\/logo-small.png","contentUrl":"https:\/\/design.awards.verallia.fr\/wp-content\/uploads\/2023\/05\/logo-small.png","width":198,"height":117,"caption":"Verallia Design Awards"},"image":{"@id":"https:\/\/design.awards.verallia.fr\/fr\/#\/schema\/logo\/image\/"}}]}},"_links":{"self":[{"href":"https:\/\/design.awards.verallia.fr\/fr\/wp-json\/wp\/v2\/communique\/22228","targetHints":{"allow":["GET"]}}],"collection":[{"href":"https:\/\/design.awards.verallia.fr\/fr\/wp-json\/wp\/v2\/communique"}],"about":[{"href":"https:\/\/design.awards.verallia.fr\/fr\/wp-json\/wp\/v2\/types\/communique"}],"wp:featuredmedia":[{"embeddable":true,"href":"https:\/\/design.awards.verallia.fr\/fr\/wp-json\/wp\/v2\/media\/23685"}],"wp:attachment":[{"href":"https:\/\/design.awards.verallia.fr\/fr\/wp-json\/wp\/v2\/media?parent=22228"}],"wp:term":[{"taxonomy":"category","embeddable":true,"href":"https:\/\/design.awards.verallia.fr\/fr\/wp-json\/wp\/v2\/categories?post=22228"}],"curies":[{"name":"wp","href":"https:\/\/api.w.org\/{rel}","templated":true}]}}

Verallia Design Awards, véritable tremplin professionnel

<p class="has-small-font-size"><strong>Il y a quelques mois, Verallia était fier de lancer la production de la bouteille “Flûte Gothic” – un modèle Selective Line issu du concours des Verallia Design Awards, dans son usine à Albi.</strong></p>



<p class="has-small-font-size">Interview de Marie-Astrid Gossé, directrice marketing de Verallia France, qui revient sur les clés d’un succès ; de Maxence de Cock et Clara Chanteloup, lauréats 2018 et créateurs de cette bouteille qui partagent ce que leur a apporté cette expérience.</p>



<p><a href="https://www.agencehemispheresud.fr/podcasts/">Ecoutez le podcast</a></p>

<p>Il y a quelques mois, Verallia était fier de lancer la production de la bouteille “Flûte Gothic” – un modèle Selective Line issu du concours des Verallia Design Awards, dans son usine à Albi. Interview de Marie-Astrid Gossé, directrice marketing de Verallia France, qui revient sur les clés d’un succès ; de Maxence de Cock [&hellip;]</p>

<!-- This site is optimized with the Yoast SEO plugin v27.3 - https://yoast.com/product/yoast-seo-wordpress/ -->
<title>Verallia Design Awards, véritable tremplin professionnel - Verallia Design Awards</title>
<meta name="robots" content="index, follow, max-snippet:-1, max-image-preview:large, max-video-preview:-1" />
<link rel="canonical" href="https://design.awards.verallia.fr/fr/communique/verallia-design-awards-veritable-tremplin-professionnel/" />
<meta property="og:locale" content="fr_FR" />
<meta property="og:type" content="article" />
<meta property="og:title" content="Verallia Design Awards, véritable tremplin professionnel - Verallia Design Awards" />
<meta property="og:description" content="Il y a quelques mois, Verallia était fier de lancer la production de la bouteille “Flûte Gothic” – un modèle Selective Line issu du concours des Verallia Design Awards, dans son usine à Albi. Interview de Marie-Astrid Gossé, directrice marketing de Verallia France, qui revient sur les clés d’un succès ; de Maxence de Cock [&hellip;]" />
<meta property="og:url" content="https://design.awards.verallia.fr/fr/communique/verallia-design-awards-veritable-tremplin-professionnel/" />
<meta property="og:site_name" content="Verallia Design Awards" />
<meta property="article:modified_time" content="2023-06-02T15:21:04+00:00" />
<meta property="og:image" content="https://design.awards.verallia.fr/wp-content/uploads/2022/03/TremplinCarriereLaureatDesign.png" />
	<meta property="og:image:width" content="1010" />
	<meta property="og:image:height" content="490" />
	<meta property="og:image:type" content="image/png" />
<meta name="twitter:card" content="summary_large_image" />
<script type="application/ld+json" class="yoast-schema-graph">{"@context":"https:\/\/schema.org","@graph":[{"@type":"WebPage","@id":"https:\/\/design.awards.verallia.fr\/fr\/communique\/verallia-design-awards-veritable-tremplin-professionnel\/","url":"https:\/\/design.awards.verallia.fr\/fr\/communique\/verallia-design-awards-veritable-tremplin-professionnel\/","name":"Verallia Design Awards, véritable tremplin professionnel - Verallia Design Awards","isPartOf":{"@id":"https:\/\/design.awards.verallia.fr\/fr\/#website"},"primaryImageOfPage":{"@id":"https:\/\/design.awards.verallia.fr\/fr\/communique\/verallia-design-awards-veritable-tremplin-professionnel\/#primaryimage"},"image":{"@id":"https:\/\/design.awards.verallia.fr\/fr\/communique\/verallia-design-awards-veritable-tremplin-professionnel\/#primaryimage"},"thumbnailUrl":"https:\/\/design.awards.verallia.fr\/wp-content\/uploads\/2022\/03\/TremplinCarriereLaureatDesign.png","datePublished":"2022-03-21T14:12:00+00:00","dateModified":"2023-06-02T15:21:04+00:00","breadcrumb":{"@id":"https:\/\/design.awards.verallia.fr\/fr\/communique\/verallia-design-awards-veritable-tremplin-professionnel\/#breadcrumb"},"inLanguage":"fr-FR","potentialAction":[{"@type":"ReadAction","target":["https:\/\/design.awards.verallia.fr\/fr\/communique\/verallia-design-awards-veritable-tremplin-professionnel\/"]}]},{"@type":"ImageObject","inLanguage":"fr-FR","@id":"https:\/\/design.awards.verallia.fr\/fr\/communique\/verallia-design-awards-veritable-tremplin-professionnel\/#primaryimage","url":"https:\/\/design.awards.verallia.fr\/wp-content\/uploads\/2022\/03\/TremplinCarriereLaureatDesign.png","contentUrl":"https:\/\/design.awards.verallia.fr\/wp-content\/uploads\/2022\/03\/TremplinCarriereLaureatDesign.png","width":1010,"height":490,"caption":"Lauréats et succès commercial pour nos designers"},{"@type":"BreadcrumbList","@id":"https:\/\/design.awards.verallia.fr\/fr\/communique\/verallia-design-awards-veritable-tremplin-professionnel\/#breadcrumb","itemListElement":[{"@type":"ListItem","position":1,"name":"Accueil","item":"https:\/\/design.awards.verallia.fr\/fr\/"},{"@type":"ListItem","position":2,"name":"Verallia Design Awards, véritable tremplin professionnel"}]},{"@type":"WebSite","@id":"https:\/\/design.awards.verallia.fr\/fr\/#website","url":"https:\/\/design.awards.verallia.fr\/fr\/","name":"Verallia Design Awards","description":"Verallia Design Award, le concours de design du packaging en verre","publisher":{"@id":"https:\/\/design.awards.verallia.fr\/fr\/#organization"},"potentialAction":[{"@type":"SearchAction","target":{"@type":"EntryPoint","urlTemplate":"https:\/\/design.awards.verallia.fr\/fr\/?s={search_term_string}"},"query-input":{"@type":"PropertyValueSpecification","valueRequired":true,"valueName":"search_term_string"}}],"inLanguage":"fr-FR"},{"@type":"Organization","@id":"https:\/\/design.awards.verallia.fr\/fr\/#organization","name":"Verallia Design Awards","url":"https:\/\/design.awards.verallia.fr\/fr\/","logo":{"@type":"ImageObject","inLanguage":"fr-FR","@id":"https:\/\/design.awards.verallia.fr\/fr\/#\/schema\/logo\/image\/","url":"https:\/\/design.awards.verallia.fr\/wp-content\/uploads\/2023\/05\/logo-small.png","contentUrl":"https:\/\/design.awards.verallia.fr\/wp-content\/uploads\/2023\/05\/logo-small.png","width":198,"height":117,"caption":"Verallia Design Awards"},"image":{"@id":"https:\/\/design.awards.verallia.fr\/fr\/#\/schema\/logo\/image\/"}}]}</script>
<!-- / Yoast SEO plugin. -->

Verallia Design Awards, véritable tremplin professionnel - Verallia Design Awards

Il y a quelques mois, Verallia était fier de lancer la production de la bouteille “Flûte Gothic” – un modèle Selective Line issu du concours des Verallia Design Awards, dans son usine à Albi. Interview de Marie-Astrid Gossé, directrice marketing de Verallia France, qui revient sur les clés d’un succès ; de Maxence de Cock [&hellip;]

Lauréats et succès commercial pour nos designers
